k - 151. Let z = 8 - 3. Suppose 5*l = -z*c + 5, 0*c - 2*c + 5 = l. Calculate the greatest common divisor of k and c.
4
Let c = 11 - -16. Suppose -3*m = -4*f + 1176, 3*m + 875 = 3*f - m. Calculate the highest common divisor of c and f.
27
Let t = -3227 + 3432. What is the greatest common divisor of 1312 and t?
41
Suppose -4*b + 21 = 3*b. Suppose -15 = -b*m, -x = -2*m - 53 + 17. Calculate the greatest common factor of x and 115.
23
Let r be 2 - (-43)/2 - 1/(-2). What is the greatest common divisor of r and 168?
24
Let k = 39 + -15. Let a(p) = -p**2 + 11*p - 8. Let w be a(8). What is the greatest common factor of k and w?
8
Let k(z) = z**2 - 14*z + 33. Let h be k(13). Let n be 16/h*65/2. Let a be (-2*1)/(2/(-13)). Calculate the greatest common divisor of a and n.
13
Let h(o) = -155*o - 22. Let b be h(-2). Suppose -a + 27 = y, 4*a + 57 = y - a. What is the highest common factor of b and y?
32
Let a be (-869)/(-33) + (-5)/15. What is the greatest common factor of a and 143?
13
Suppose 15*t = 8*t + 280. Let b be ((-8)/6)/((-2)/48). Let x be 3/(-2)*b/(-3). Calculate the greatest common divisor of t and x.
8
Let f be (10/6)/((-1)/(-36)). Let g be (-6552)/(-224) - 9/(-12). What is the highest common factor of f and g?
30
Let j be (-6 - -7)*(-9 - -2). Let o be j*-2*3/14. Suppose 5*w - 601 = -2*t, 0*t - o = -t. Calculate the greatest common factor of 17 and w.
17
Let j = 83 - 36. Suppose -5*q = 2*o - j, -2*o - 36 + 6 = -2*q. What is the highest common factor of q and 44?
11
Suppose 2*c = -0*c + w + 264, 0 = -3*w. What is the greatest common divisor of c and 24?
12
Suppose 4*y + 5*s = 28, s + 15 - 1 = 2*y. What is the highest common divisor of 224 and y?
7
Let j = 111 - 185. Let i = -50 - -6. Let q = i - j. Calculate the highest common factor of 60 and q.
30
Suppose -v + 32 = v. Let j be (-3)/(15/(-10)) - (5 + -3). Let f = v - j. Calculate the highest common factor of 40 and f.
8
Suppose -3*t + 174 = -2*g, 2*g = 6*g - 12. Let z = 84 - t. What is the greatest common divisor of z and 72?
24
Suppose -5*m = -4*l + 345, 7*m + 20 = 3*m. Let t = 93 + -61. Calculate the greatest common factor of t and l.
16
Let t be (3 + 0 + 0)/1. Suppose l - 36 = -t*l. Calculate the greatest common divisor of l and 6.
3
Let p(u) = 4*u**2 - 2*u**2 - 11 - 3 - 3*u**2 - 12*u. Let v be p(-10). Suppose -v = 3*j, 4*j - 412 = -4*m - m. What is the highest common factor of m and 12?
12
Suppose -11*r + 379 - 148 = 0. What is the highest common factor of 6 and r?
3
Let p = 1159 - 939. Calculate the greatest common factor of 132 and p.
44
Let g = -514 - -520. Suppose 0 = -7*z + 4*z + 9. Let q be (-2)/((-6)/21) - z. Calculate the greatest common factor of q and g.
2
Suppose 3*w + 3*p + 51 = 4*w, 4*p - 72 = -w. Suppose 5*u + 15 - w = 0. Calculate the greatest common divisor of u and 18.
9
Let h be (1 - 4) + 17/(85/(-50)). Let c = h + 78. What is the greatest common divisor of 13 and c?
13
Suppose 21*s + 4743 = 52*s. Calculate the highest common divisor of 27 and s.
9
Suppose -50 + 158 = 12*t. Suppose 0 = -64*r + 63*r + t. What is the greatest common divisor of r and 9?
9
Let b = -452 + 462. Calculate the greatest common divisor of b and 125.
5
Suppose 2*x + 3 = -3*b + 6*x, -2*b + 8*x - 18 = 0. Calculate the greatest common factor of b and 107.
1
Let h(g) = 2*g**2 + 10*g - 38. Let r be h(3). What is the greatest common factor of 30 and r?
10
Let d(z) = -z + 3*z**2 - 12*z + z**2 - 5*z**2 + 4. Let p be d(-13). Suppose -p*o + 128 = -0. What is the highest common divisor of o and 4?
4
Let s(h) = -h**2 - 21*h + 24. Let b be s(-12). Suppose 183 = 3*z - b. What is the greatest common divisor of 42 and z?
21
Let j = 5 - -7. Suppose -8*c + 10*c - 14 = 0. Let q(z) = 2*z**2 + 2*z - 16. Let d be q(c). What is the highest common factor of d and j?
12
Let a be 20 + -16 + (56 - 0). What is the greatest common factor of 12 and a?
12
Let b(v) = v**2 - 2*v. Let q be b(-4). Let r = q + -21. Suppose 2*g + r*j = 248, 2*g - j - 264 = -0*g. What is the highest common factor of g and 13?
13
Let t = 1011 + 555. What is the greatest common divisor of 54 and t?
54
Let d(b) = -b + 11. Let c be d(8). Suppose 0 = 4*w - c*s - 22, 3*w - 2*s = -6*s + 29. What is the greatest common factor of w and 28?
7
Suppose -76*g + 238 = -74*g. Calculate the highest common divisor of 14 and g.
7
Let x(j) = 31*j + 1. Let m be x(1). Suppose -160 = -3*u + m. Suppose u = -0*b + b. What is the highest common factor of b and 16?
16
Suppose 9 = 4*c - 7. Let f(z) = 2*z**2 + 5*z + 11. Suppose -4*o + 2*o = 10. Let n be f(o). Calculate the greatest common divisor of n and c.
4
Let y be 26*(0 - 3)/(-3). What is the highest common factor of y and 962?
26
Let i be 172/12 - (4 + -2)/6. What is the highest common factor of i and 42?
14
Let h(y) be the second derivative of -5*y**3/3 + 5*y**2/2 - 4*y. Let t be h(8). Let z = -52 - t. What is the highest common divisor of 92 and z?
23
Suppose -446 - 418 = -12*y. Let v = 84 - y. Calculate the highest common factor of v and 108.
12
Suppose -1 = -5*g - 31. Let w = 8 + -4. Let v be (4/g)/(w/(-330)). What is the greatest common factor of v and 5?
5
Let s = 658 + -427. Let k = 32 - 11. What is the highest common factor of k and s?
21
Let d be (4/10)/(1/255). What is the greatest common factor of d and 68?
34
Let k(v) = 9*v**2 + 11 + 4*v - 5 - 3. Let r be k(-2). What is the highest common factor of r and 62?
31
Let s(f) = -f**2 + 9*f + 8. Let t be s(9). Suppose w = 5*w - t. Suppose -28 = -w*l - 22. Calculate the greatest common divisor of 3 and l.
3
Let b(z) = 9*z**2 - 4. Let t be 7*6*(-3)/21. Let n be b(t). Suppose -n = -5*x + 135. Calculate the highest common divisor of 13 and x.
13
Suppose 0*w - w = -1. Let a(s) = 3*s - 9. Let y be a(3). Suppose 0 = -5*o + 15 - y. Calculate the highest common factor of o and w.
1
Let k = -24 - -30. Let i(j) = 4*j**2 + 4*j - 8. Let l be i(k). Calculate the greatest common divisor of 20 and l.
20
Let z(p) be the first derivative of p**3 - 3*p**2/2 + 4. Let o be z(3). What is the highest common factor of o and 162?
18
Suppose -4*d - 8 = 0, 0 = -3*f - 5*d + 864 + 2951. Calculate the highest common divisor of f and 51.
51
Let q(x) = -57*x. Let t be q(-5). What is the greatest common factor of 15 and t?
15
Let m(k) = 40*k - 755. Let w be m(27). What is the greatest common factor of w and 195?
65
Suppose 5 = 10*i - 85. Let l be ((-6)/(-9))/(3/9). Suppose 0*n + 14 = 2*n - l*s, -s = -3*n + 25. Calculate the highest common factor of n and i.
9
Let d be (2*13)/((-5)/(-20)). Let g be d - -3*(-4)/(-12). What is the greatest common divisor of g and 21?
21
Suppose 12*k - 3290 - 3418 = 0. Calculate the highest common factor of 13 and k.
13
Let u = -491 - -499. Calculate the highest common divisor of 472 and u.
8
Suppose -2*h - 4 = -g, 4*g - 28 = -0*g - 4*h. Suppose 4*q + 146 = 5*y, -4 = -5*q + 1. What is the greatest common factor of y and g?
6
Let o = 1 - -1. Let d(n) = -7*n**3 + n - 1. Let v be d(o). Let r be (-2)/2*v/1. Calculate the highest common factor of 22 and r.
11
Suppose -272 = -2*q + 2*a, 3*q + 6*a - 4*a = 408. Calculate the highest common factor of q and 646.
34
Let a(w) = -w**3 + 17*w**2 - 16*w + 2. Let z be a(16). Let m(h) = 2*h**3 - 2*h**2 + h - 4. Let d be m(z). Calculate the greatest common divisor of 18 and d.
6
Let k be 6/15*(-1160)/(-16). Let d = 42 - 21. Let z = k - d. Calculate the highest common divisor of 16 and z.
8
Suppose 2*j - 4*w - 20 = 3*j, -w = 4*j + 5. Suppose -5*i - 630 = -12*i. Suppose j = 2*r - 5*r + i. Calculate the highest common divisor of 20 and r.
10
Let c = 475 - 432. Calculate the greatest common divisor of c and 387.
43
Suppose -5*c + 9 = -11, -4*c = -l - 19. Let n be l*(-3 - 5) - 0. Let p = 2 + n. Calculate the greatest common factor of p and 65.
13
Let l = -133 - -385. What is the highest common divisor of l and 140?
28
Let b(p) = p**2 - 29*p - 160. Let l be b(-5). Calculate the highest common factor of 170 and l.
10
Suppose -38*l + 40*l = 356. Suppose 5*c + 2*m - 409 = 0, 494 = 4*c - 4*m + l. What is the greatest common divisor of 18 and c?
9
Let n(f) = 5*f**2 - 5*f - 10. Let g be n(5). Calculate the highest common divisor of g and 10.
10
Suppose -4*o - 2*z + 10 = 0, 13*o - 18*o - 4*z + 5 = 0. Calculate the highest common divisor of o and 19.
